base 12?
-749b2
Convert 10011110110000011 (base 2) to base 6.
1424151
Convert -184377 (base 12) to base 6.
-13014231
-774214 (base 9) to base 14
-c06db
Convert -112020003 (base 4) to base 5.
-10400002
Convert 376163 (base 11) to base 9.
1104505
1010000111111000000001 (base 2) to base 10
2653697
What is 10000000011110101100 (base 2) in base 7?
4321156
What is 22440043 (base 5) in base 7?
1502306
What is -b36a79 (base 15) in base 7?
-132324564
Convert 28322d (base 15) to base 7.
22304362
What is 528381 (base 11) in base 9?
1527886
Convert -19589c9 (base 13) to base 15.
-ae8478
What is 10679 (base 14) in base 6?
503443
What is 9bb1a (base 12) in base 8?
624606
Convert -1111001000122 (base 3) to base 13.
-217916
Convert -122221010222202 (base 3) to base 16.
-916889
What is 3bab222 (base 12) in base 16?
b5e97a
What is 6004304 (base 8) in base 16?
1808c4
2446130 (base 7) to base 10
314258
Convert 109399 (base 16) to base 6.
35141241
What is 101027 (base 16) in base 5?
232141321
111352020 (base 6) to base 9
3743443
Convert -39080 (base 12) to base 5.
-4442411
What is -793d52 (base 15) in base 8?
-26041471
Convert -30350152 (base 6) to base 15.
-122a3e
-30043463 (base 8) to base 2
-11000000100011100110011
-200232123 (base 4) to base 5
-13242133
What is -13422244 (base 5) in base 16?
-21f42
Convert 1100111111111101001 (base 2) to base 3.
210122022100
What is -112002242 (base 6) in base 13?
-56b835
What is -10442401 (base 8) in base 11?
-12a4408
100110010011110011111 (base 2) to base 12
506567
-330165 (base 11) to base 13
-155cc1
Convert -168b4c (base 14) to base 7.
-6510325
What is -2082440 (base 9) in base 11?
-6a33a6
-34758 (base 12) to base 5
-4221241
22000044 (base 6) to base 8
2373634
Convert -3247180 (base 11) to base 15.
-77a500
Convert -2790507 (base 12) to base 3.
-112212102022221
What is -2334551 (base 6) in base 10?
-121603
-8a841 (base 11) to base 10
-131451
Convert -412122403 (base 6) to base 7.
-114241314
What is -5d0e16 (base 16) in base 11?
-349594a
What is 10101001100000101101000 (base 2) in base 5?
2410221121
Convert 24046501 (base 7) to base 10.
2129590
-4128662 (base 9) to base 11
-1276148
Convert 14003610 (base 7) to base 2.
100111100010001101101
What is -5d4 (base 15) in base 8?
-2454
-4050327 (base 9) to base 13
-5a7825
Convert 50123255 (base 6) to base 3.
2122200020222
Convert 58610b (base 12) to base 4.
11122310123
What is 123033111 (base 4) in base 12?
54699
Convert -2761065 (base 9) to base 16.
-17235b
What is 2c4ce (base 15) in base 13?
50030
Convert -243611 (base 7) to base 9.
-67088
What is -20671404 (base 8) in base 11?
-254a096
Convert 10356 (base 10) to base 15.
3106
What is 7137 (base 14) in base 15?
5b6d
What is 3136a (base 16) in base 7?
1466456
288454 (base 10) to base 3
112122200111
-11110111111001100111 (base 2) to base 9
-1816771
Convert 202130121 (base 4) to base 10.
141081
Convert 22504604 (base 7) to base 13.
53ba66
What is 381082 (base 16) in base 15?
4c89e7
What is -10110110101011010100 (base 2) in base 16?
-b6ad4
What is -143249 (base 11) in base 4?
-312222133
Convert 1210341 (base 5) to base 11.
15a82
What is -141531 (base 7) in base 11?
-19335
Convert -2d05b (base 15) to base 6.
-3040135
Convert -285498 (base 10) to base 9.
-474560
What is -15661 (base 15) in base 11?
-47884
a8b3b (base 13) to base 9
514454
Convert -135743 (base 8) to base 7.
-260142
Convert -12335105 (base 6) to base 14.
-a64c9
43021 (base 8) to base 15
54ac
Convert -10010512 (base 7) to base 12.
-33a15a
What is -3131443043 (base 5) in base 10?
-6515398
What is -11d5188 (base 14) in base 7?
-132635631
What is -333427 (base 16) in base 12?
-1159b47
What is -5481562 (base 10) in base 12?
-1a0424a
Convert 1786802 (base 12) to base 2.
10010101101100100000010
What is 6472605 (base 11) in base 15?
eeba50
1414330135 (base 6) to base 13
3774a88
What is 2367a2 (base 13) in base 3?
1120211001120
What is 17b9b33 (base 14) in base 2?
101100110011001000100001
Convert 140514 (base 6) to base 13.
5ca7
-10236830 (base 10) to base 9
-21232255
What is -888362 (base 9) in base 16?
-81a43
What is -3a231 (base 13) in base 2?
-11010010111111111
Convert -10012021100 (base 3) to base 6.
-1203100
Convert 10100011010100000001011 (base 2) to base 13.
1154a3b
1111110001010000101100 (base 2) to base 10
4133932
What is 105d15 (base 16) in base 6?
34552501
Convert -1132033230 (base 4) to base 10.
-386028
Convert -1001000120202 (base 3) to base 13.
-16407b
What is -2843557 (base 9) in base 4?
-11331320002
Convert -aaa252 (base 15) to base 5.
-4040244102
What is -144123 (base 6) in base 12?
-8043
1201221012101 (base 3) to base 14
1a092c
Convert -1533645 (base 7) to base 10.
-210243
What is 52641303 (base 7) in base 8?
21016520
3670715 (base 8) to base 10
1012173
What is -432137 (base 8) in base 10?
-144479
Convert 6668b4 (base 13) to base 12.
984a65
What is -77285e (base 16) in base 6?
-435213154
Convert -6734809 (base 10) to base 4.
-121230033121
Convert -10101123101 (base 4) to base 6.
-40000545
What is 30421141 (base 5) in base 10?
248296
190360 (base 14) to base 11
554385
-5026212 (base 7) to base 13
-17abc7
-11496522 (base 10) to base 3
-210122002021010
Convert -520384 (base 11) to base 3.
-1120102101122
Convert 64933 (base 14) to base 16.
3b651
401390 (base 12) to base 7
11323305
What is 22833 (base 15) in base 9?
176613
139201 (base 11) to base 14
59220
Convert 4042113 (base 9) to base 3.
11001102010110
-132012340 (base 7) to base 12
-2a07b1a
Convert 5225867 (base 9) to base 16.
2a9d4b
Convert 2312550 (base 6) to base 8.
347462
-44195c (base 13) to base 11
-9a5575
-152634 (base 8) to base 16
-d59c
2494309 (base 11) to base 6
232410103
Convert -24341421 (base 6) to base 3.
-1110101121211
-111012010201001 (base 3) to base 14
-d06877
Convert 114a87 (base 12) to base 8.
1037007
Convert 43b5b (base 13) to base 5.
12412040
-193536 (base 12) to base 2
-1101011110000111010
Convert -106987b (base 12) to base 14.
-5b5915
Convert 100331113221 (base 4) to base 6.
235141453
Convert -141110412 (base 5) to base 3.
-1100201020020
Convert 100211122001120 (base 3) to base 8.
23743616
What is 1335550 (base 6) in base 9?
124083
Convert -3033325 (base 6) to base 13.
-50aa4
Convert -24212442 (base 5) to base 7.
-1630612
24551537 (base 8) to base 16
52d35f
11300665 (base 9) to base 2
10100111100110110000110
-282ac (base 15) to base 5
-13110422
-7673432 (base 9) to base 11
-2366614
What is 63b65 (base 13) in base 6?
3504511
What is 32040632 (base 7) in base 9?
5088388
-1a48207 (base 13) to base 8
-41051240
Convert -430100013 (base 5) to base 10.
-1800008
Convert 3431560 (base 10) to base 14.
6547d6
4030721 (base 8) to base 7
12010153
-112122021100220 (base 3) to base 2
-11101101011011100111011
121210010 (base 3) to base 8
27712
Convert -c504b (base 14) to base 12.
-1aa90b
-2100021010010 (base 3) to base 8
-4600040
What is 232032200 (base 4) in base 8?
561640
What is -3516b2 (base 13) in base 10?
-1260040
1451224 (base 6) to base 8
245100
What is -210012010121 (base 3) in base 11?
-2653a9
99a3 (base 13) to base 6
243111
What is 28714 (base 10) in base 12?
1474a
Convert 101202120002220 (base 3) to base 15.
77e823
What is -102101011220 (base 3) in base 15?
-46540
What is -2da443 (base 15) in base 13?
-5c5842
Convert 3492bd (base 15) to base 6.
125455524
1b42d6 (base 14) to base 15
142ec1
Convert 988b (base 13) to base 6.
242200
10111100110000001001 (base 2) to base 6
24323145
23366455 (base 7) to base 5
1012122104
1212112010111 (base 3) to base 11
61a166
3522300 (base 7) to base 15
8b22c
-4233433 (base 5) to base 8
-212716
2e2ab (base 15) to base 2
100100011001110111
What is -3062c2 (base 13) in base 12?
-464631
What is -b9757 (base 16) in base 12?
-307733
-301232022 (base 5) to base 2
-100100011111101101111
Convert 96764 (base 10) to base 14.
2739a
34182 (base 9) to base 6
253202
-1100101011100010101100 (base 2) to base 13
-8c5012
220000202 (base 4) to base 3
22022210102
Convert -1639107 (base 12) to base 7.
-53506246
90c1 (base 14) to base 10
24865
What is -3703b6 (base 13) in base 4?
-11000322132
-71b633 (base 14) to base 4
-32220023131
What is 422511 (base 7) in base 12?
36289
What is 15a2888 (base 12) in base 8?
20744150
-106067 (base 10) to base 4
-121321103
Convert 152a5 (base 